) + -1). Suppose m = 4 + l. What is the units digit of m?
6
Suppose -5*f + 2*f + 18 = 0. Let w = f + -9. What is the tens digit of -2 - 1/(w/45)?
1
Let o(c) = c**2 + c + 1. Let a(k) = -k**3 - 13*k**2 - 9*k - 9. Let j(d) = -a(d) - 4*o(d). What is the tens digit of j(-8)?
2
Suppose 4*s - n - 91 = 0, -s - 2*n - 3*n + 28 = 0. What is the units digit of s?
3
Let v = -7 - -46. What is the tens digit of v?
3
Suppose -3*h - z + 0*z = -91, -4*h + 5*z + 153 = 0. What is the tens digit of h?
3
Suppose n - 15*n = -3416. What is the units digit of n?
4
Let g(i) = i**2 + 12*i + 3. Let k(w) = -2*w**2 - 25*w - 5. Let q(h) = -9*g(h) - 4*k(h). What is the units digit of q(-5)?
8
Let q be (0 - (-9)/(-3)) + -3. Let x(z) be the third derivative of z**5/60 + z**4/6 - 4*z**3/3 - z**2. What is the units digit of x(q)?
4
Suppose 276 = 3*j - j. What is the tens digit of j?
3
Let d = 3 + 20. What is the tens digit of d?
2
Suppose 0*k = -3*s - 2*k + 2, -1 = s + k. Suppose 0 = -2*o + s*o + 20. What is the tens digit of 4/(-20) + (-182)/o?
1
What is the units digit of ((-12)/14)/(34/(-119)) + 205?
8
Let v = 335 - 180. What is the units digit of v?
5
Let w(d) = 8 - 8*d - 7*d + 4*d. Let a be w(6). What is the tens digit of a/(-4) + 2/(-4)?
1
Let p = -72 + 122. What is the tens digit of p?
5
Suppose 0 = -f + 6*f - 35. Let d = -1 + f. What is the units digit of d?
6
Let r(j) = 93*j - 37. What is the units digit of r(4)?
5
Let s be 3 + -2*1 + 1. Suppose r - s + 0 = 0. Suppose 0 = -r*x + 1 + 1. What is the units digit of x?
1
Let d(b) = 3*b**2 - 6*b**2 + 1 + 8*b + 2*b**2. What is the units digit of d(8)?
1
Let j = 16 - -8. What is the tens digit of j?
2
Let p = 85 + 7. What is the tens digit of p?
9
Let l be 2 + -1*22/1. Let p = l - 8. Let a = -17 - p. What is the units digit of a?
1
Suppose 0 = -3*u + u - 5*o + 413, 415 = 2*u + 3*o. What is the hundreds digit of u?
2
Let u be 1/(-6) + 50/12. Suppose -2*o + 35 = 5*m + o, u*o - 36 = -4*m. What is the units digit of 3/4*32/m?
6
What is the units digit of -64*(-3)/3*(1 + 0)?
4
Let z(h) be the third derivative of -h**6/40 - h**5/20 - h**4/8 - h**3/3 + 2*h**2. What is the units digit of z(-2)?
6
Suppose -l + 7 = 19. What is the tens digit of ((-4)/l)/(1/123)?
4
Suppose u + 171 = 2*u. What is the tens digit of u?
7
Suppose 5*s - 4*s = 2. What is the tens digit of (-10 - 1)*(-2)/s?
1
Let f = 11 - 7. Suppose 0 = -2*q + 3*n + 11, -3*q - 5*n = -f*q + 9. What is the units digit of q?
4
Suppose -4*c + 2*z + 2*z = -380, -3*c + 289 = -z. What is the units digit of c?
7
Let p(c) = 25*c + 7. What is the units digit of p(3)?
2
Suppose 2*y = -y + 90. What is the units digit of y?
0
Let v be -7 + (-2)/(-2) + 2. Let j be (1 - 4)*v/(-6). What is the units digit of (-290)/(-22) + j/11?
3
Let b = 52 + -39. What is the tens digit of b?
1
Let t = 67 + 54. What is the tens digit of t?
2
Suppose 27 = o + 2*l, 8*o - 3*o + 5*l = 110. What is the tens digit of o?
1
Suppose -4*n + 0*l = 4*l - 116, -l + 87 = 3*n. What is the tens digit of n?
2
Suppose -5*j + x = -x - 14, 2*j - 10 = 3*x. Suppose 3*f = -j*f - 35. Let v = f - -12. What is the units digit of v?
5
Suppose -2*p + 45 = -53. What is the units digit of p?
9
Suppose 5*l = -0*l - 20. Let w(q) = 20*q - 4 - 23*q + 0. What is the units digit of w(l)?
8
Let n(g) = 4*g**2 - g. Let y(h) = h. Let o be y(-1). Let q be n(o). Suppose -q = -3*u - 0*t + 4*t, -5*u + 43 = 2*t. What is the units digit of u?
7
Suppose 4*z = 5*z. Suppose -r - 2 + 3 = z. What is the units digit of r?
1
Let y = 3 + -3. Let z be 2 - (y - (1 - 1)). Suppose z*x = -j + 4*j + 38, 0 = -5*x - 3*j + 116. What is the tens digit of x?
2
Suppose 4*z = 10*z - 462. What is the units digit of z?
7
Let k = -8 - -4. Let a be 4/6*(-18)/k. Suppose 2*g + 2*n - 10 = 0, a*g + n = -g + 23. What is the units digit of g?
6
Suppose 0 = t - 3*t. Let q = 0 + t. Suppose q*r = -r + 10. What is the tens digit of r?
1
Suppose 6*d + 20 = d. What is the units digit of (-8)/(-3)*(-6)/d?
4
Suppose -3*k = -9, 0 = -2*r - 5*k + 23 - 4. Let f(i) = 10 - i + 0*i - r. What is the units digit of f(7)?
1
Let k(t) = -3*t**3 - 2*t**2 + 3*t + 2. Let x be k(-2). Let z = 3 + x. What is the tens digit of z?
1
Let h = -253 + 482. What is the units digit of h?
9
Suppose -q + 1 + 3 = 0. Let n be ((-54)/q)/(18/(-24)). Suppose -n = -2*r + 6. What is the units digit of r?
2
Suppose -58 = -2*k - 32. What is the units digit of k?
3
Let f = 16 + -2. Let l = f + -11. What is the units digit of l?
3
What is the tens digit of 30/7*21/3?
3
Let l = -7 + 7. Suppose 3*u = -5*h - l*h + 35, 4*h - u = 45. What is the units digit of h?
0
Let y(g) = -g**2 - 5*g + 6. Let b be y(-6). Suppose 2*s - 52 = -b*s. What is the tens digit of s?
2
Let k = 32 - 20. Suppose -k*p + 7*p = -95. What is the units digit of p?
9
Let h(v) = v**2 - 12*v + 11. Let x = 1 + 10. Let y be h(x). Let s = 4 + y. What is the units digit of s?
4
Suppose -2*r + 6*r = 3*u - 18, -4*u - r = -5. Let m be (-1)/u - (-21)/6. Suppose m*a - 27 = -0*a. What is the units digit of a?
9
Let o be 2 + -4*(-7)/(-2). Let x be o/(-9) + (-1)/3. Suppose 4*q - 3*j - 12 = 0, -5*q + 14 + x = 5*j. What is the units digit of q?
3
Let b(g) = 13*g - 1. Let u(o) = 3*o. Let a(x) = 2*b(x) - 9*u(x). What is the units digit of a(-6)?
4
Let v be 1*-4 + (24 - 4). Let j = -15 + v. What is the units digit of j?
1
Suppose -4*b - q = -b - 113, b + q = 35. What is the units digit of b?
9
What is the tens digit of (-1 + 16)*(4140/(-27))/(-10)?
3
Let u be -2*(-15)/(-6)*-1. Suppose -8 = 4*i - u*i. Let p = i + 0. What is the units digit of p?
8
Suppose -3*l = g - 0*l + 2, -2*g = 4*l. What is the units digit of (5 - g) + 4/2?
3
Suppose r - 6*r + 35 = 0. Suppose -5*p + 2*f + 5 = -f, p = -f - r. Let n = p - -5. What is the units digit of n?
3
Let f(x) be the second derivative of -x**3/6 - 13*x**2/2 - 2*x. Let a be f(-9). What is the units digit of 4/3 - a/6?
2
Let a = 25 + -12. Let p(u) = u**2 - 7*u - 8. Let s be p(7). Let o = s + a. What is the units digit of o?
5
Suppose -a + 17 + 3 = 0. Let t = a - 14. Suppose -l = 5*z - 10, -3*z + 2*l = -l - t. What is the units digit of z?
2
Suppose -27*s + 31*s = 468. What is the units digit of (-28)/70 - s/(-5)?
3
Let z(i) = -66*i - 1. What is the tens digit of z(-1)?
6
Let s(f) = -f**3 + 11*f**2 - 2*f + 6. Let a = 23 + -12. Let x be s(a). Let w = -7 - x. What is the units digit of w?
9
Suppose 2*k + 16 - 4 = 0. Let v(a) = a + 10. Let p be v(k). Let o(q) = q**3 - 5*q**2 + 6*q. What is the units digit of o(p)?
8
Suppose 2*r - 10 = 4*m, 2*r = -3*m + 1 + 2. Suppose -9 = -h + r*d - 4*d, 0 = -4*h - 3*d + 31. What is the units digit of h?
4
Let b be 0 + 2/8*0. Let z be (0 - 3/4)*4. What is the units digit of z*(10/(-6) + b)?
5
Let j(z) = 10*z + 8. Let o be j(10). Suppose -2*w + 4*w = 5*g - o, -3*w = 2*g - 47. What is the tens digit of g?
2
Let f(z) be the second derivative of z**4/6 - 2*z**3/3 + z**2/2 - 5*z. Let g(y) = -2*y - 3. Let n be g(-3). What is the units digit of f(n)?
7
Let u = -262 + 477. What is the units digit of u?
5
Suppose -8 = a - 3*a. Let g(i) = -i - 3*i**2 + 6*i - 7*i + i**3. What is the units digit of g(a)?
8
Let c = 272 + -172. What is the hundreds digit of c?
1
Let a(t) = -t + 4. Let u be a(-9). Suppose p = 22 + u. What is the tens digit of p?
3
Let b(k) = -k + 7. Let h be b(5). Suppose -2*f + 0*d + d + 45 = 0, 0 = -h*f + 4*d + 42. What is the tens digit of f?
2
Let r = 24 - -51. Let j = r + -50. Suppose -2*z = -3*u + 4*u, 4*u + 3*z - j = 0. What is the tens digit of u?
1
Let w = 83 - 44. What is the tens digit of w?
3
Suppose 0 = 2*i + 3*q + 63 - 459, q = -5*i + 964. What is the units digit of i?
2
What is the units digit of 3/((-27)/(-839)) + (-14)/63?
3
Suppose 3 = 4*n - 2*x - 207, 3*x = -5*n + 235. Let f(p) = p**2 + 5*p - 1. Let o be f(-6). Suppose o*d + 0*d = n. What is the tens digit of d?
1
What is the hundreds digit of 3 - (-182)/(-15)*-3*10?
3
Suppose 28 + 20 = -4*a - 2*m, -3*m = -2*a - 8. Suppose -4*c - f + 2 = 0, 0*c = 4*c + 4*f + 4. What is the units digit of (-48)/a + c/5?
5
Let a = -277 - -455. What is the hundreds digit of a?
1
Let l = 6 + -23. Let s(z) = z**2 - 12*z + 3. Let a be s(8). Let g = l - a. What is the units digit of g?
2
Suppose -4*p + 2*r + 1485 = -3*r, 2*p + 2*r = 738. What is the hundreds digit 